{"id":185,"date":"2017-12-27T13:11:30","date_gmt":"2017-12-27T12:11:30","guid":{"rendered":"https:\/\/yachtprospain.com\/?page_id=185"},"modified":"2025-10-28T06:33:53","modified_gmt":"2025-10-28T05:33:53","slug":"contacto","status":"publish","type":"page","link":"https:\/\/yachtprospain.com\/fr\/alquiler-embarcaciones-malaga\/contacto\/","title":{"rendered":"Contacto Yacht Pro Spain"},"content":{"rendered":"<div id=\"fws_69ef7c3c9510c\"  data-column-margin=\"default\" data-midnight=\"light\" data-top-percent=\"16%\" data-bottom-percent=\"16%\"  class=\"wpb_row vc_row-fluid vc_row full-width-section has-row-bg-color\"  style=\"padding-top: calc(100vw * 0.16); padding-bottom: calc(100vw * 0.16); --row-bg-color: #3452ff;\"><div class=\"row-bg-wrap\" data-bg-animation=\"none\" data-bg-animation-delay=\"\" data-bg-overlay=\"true\"><div class=\"inner-wrap row-bg-layer using-image\" ><div class=\"row-bg viewport-desktop using-image using-bg-color\"  style=\"background-image: url(https:\/\/yachtprospain.com\/wp-content\/uploads\/2025\/10\/fondo-del-mar-al-atardecer-contacto-yachtpro-espana-alquiler-de-botes-en-fuengirola.webp); background-position: center center; background-repeat: no-repeat; background-color: #3452ff; \"><\/div><\/div><div class=\"row-bg-overlay row-bg-layer\" style=\"background-color:#0c0c0c;  opacity: 0.3; \"><\/div><\/div><div class=\"row_col_wrap_12 col span_12 light left\">\n\t<div  class=\"vc_col-sm-2 wpb_column column_container vc_column_container col no-extra-padding inherit_tablet inherit_phone\"  data-padding-pos=\"all\" data-has-bg-color=\"false\" data-bg-color=\"\" data-bg-opacity=\"1\" data-animation=\"\" data-delay=\"0\" >\n\t\t<div class=\"vc_column-inner\" >\n\t\t\t<div class=\"wpb_wrapper\">\n\t\t\t\t\n\t\t\t<\/div> \n\t\t<\/div>\n\t<\/div> \n\n\t<div  class=\"vc_col-sm-8 wpb_column column_container vc_column_container col centered-text has-animation no-extra-padding inherit_tablet inherit_phone\"  data-padding-pos=\"all\" data-has-bg-color=\"false\" data-bg-color=\"\" data-bg-opacity=\"1\" data-animation=\"zoom-out\" data-delay=\"0\" >\n\t\t<div class=\"vc_column-inner\" >\n\t\t\t<div class=\"wpb_wrapper\">\n\t\t\t\t<h1 style=\"font-size: 93px;line-height: 98px;text-align: center;font-family:Playfair Display;font-weight:400;font-style:normal\" class=\"vc_custom_heading vc_do_custom_heading vc_custom_1761621583282\" >Contact<\/h1><a class=\"nectar-button jumbo regular m-extra-color-gradient-1 has-icon\"  role=\"button\" style=\"margin-top: 40px; margin-right: 20px; margin-left: 20px;background-color: #000000;\" target=\"_blank\" href=\"https:\/\/wa.me\/34634471250\" data-color-override=\"#000000\" data-hover-color-override=\"false\" data-hover-text-color-override=\"#fff\"><span>R\u00e9servez d\u00e8s maintenant via WhatsApp<\/span><i  class=\"icon-button-arrow\"><\/i><\/a>\n\t\t\t<\/div> \n\t\t<\/div>\n\t<\/div> \n\n\t<div  class=\"vc_col-sm-2 wpb_column column_container vc_column_container col no-extra-padding inherit_tablet inherit_phone\"  data-padding-pos=\"all\" data-has-bg-color=\"false\" data-bg-color=\"\" data-bg-opacity=\"1\" data-animation=\"\" data-delay=\"0\" >\n\t\t<div class=\"vc_column-inner\" >\n\t\t\t<div class=\"wpb_wrapper\">\n\t\t\t\t\n\t\t\t<\/div> \n\t\t<\/div>\n\t<\/div> \n<\/div><\/div>\n\t\t<div id=\"fws_69ef7c3c95628\"  data-column-margin=\"default\" data-midnight=\"dark\"  class=\"wpb_row vc_row-fluid vc_row full-width-content has-row-bg-color vc_row-o-equal-height vc_row-flex vc_row-o-content-top\"  style=\"padding-top: 0px; padding-bottom: 0px; --row-bg-color: #ffffff;\"><div class=\"row-bg-wrap\" data-bg-animation=\"none\" data-bg-animation-delay=\"\" data-bg-overlay=\"false\"><div class=\"inner-wrap row-bg-layer\" ><div class=\"row-bg viewport-desktop using-bg-color\"  style=\"background-color: #ffffff; \"><\/div><\/div><\/div><div class=\"row_col_wrap_12 col span_12 dark left\">\n\t<div  class=\"vc_col-sm-6 wpb_column column_container vc_column_container col no-extra-padding inherit_tablet inherit_phone\"  data-padding-pos=\"all\" data-has-bg-color=\"false\" data-bg-color=\"\" data-bg-opacity=\"1\" data-animation=\"\" data-delay=\"0\" >\n\t\t<div class=\"vc_column-inner\" >\n\t\t\t<div class=\"wpb_wrapper\">\n\t\t\t\t\n<div class=\"wpb_text_column wpb_content_element\" >\n\t<div style=\"position: relative; width: 100%; height: 0; padding-bottom: 56.25%;\"><iframe style=\"position: absolute; top: 0; left: 0; width: 100%; height: 100%; border: 0;\" src=\"https:\/\/www.google.com\/maps\/embed?pb=!1m18!1m12!1m3!1d3205.49172009349!2d-4.621023987357754!3d36.54225507220638!2m3!1f0!2f0!3f0!3m2!1i1024!2i768!4f13.1!3m3!1m2!1s0xd72e31349d6ebc1%3A0xb32b44cb3c95eeca!2sYacht%20Pro%20Spain!5e0!3m2!1ses!2smx!4v1761616941730!5m2!1ses!2smx\" allowfullscreen=\"allowfullscreen\"><br \/>\n<\/iframe><\/div>\n<\/div>\n\n\n\n\n\t\t\t<\/div> \n\t\t<\/div>\n\t<\/div> \n\n\t<div  class=\"vc_col-sm-6 wpb_column column_container vc_column_container col padding-7-percent inherit_tablet inherit_phone\"  data-padding-pos=\"all\" data-has-bg-color=\"false\" data-bg-color=\"\" data-bg-opacity=\"1\" data-animation=\"\" data-delay=\"0\" >\n\t\t<div class=\"vc_column-inner\" >\n\t\t\t<div class=\"wpb_wrapper\">\n\t\t\t\t\n<div class=\"wpb_text_column wpb_content_element\" >\n\t<h2>Contact.<\/h2>\n<div class=\"mx-auto h-fit pb-0\">\n<div class=\"relative border-subtlest ring-subtlest divide-subtlest bg-base\">\n<div>\n<div>\n<div>\n<div class=\"erp-sidecar:min-h-&#091;var(--sidecar-content-height)&#093; min-h-&#091;var(--page-content-height)&#093; border-subtlest ring-subtlest divide-subtlest bg-transparent\">\n<div class=\"isolate mx-auto px-md\">\n<div class=\"py-md mx-auto max-w-threadContentWidth md:pb-headerHeight\">\n<div class=\"relative\">\n<div class=\"flex flex-col gap-y-sm\">\n<div class=\"gap-y-lg flex flex-col first:mt-0 mt-1\">\n<div class=\"border-subtlest ring-subtlest divide-subtlest bg-transparent\">\n<div class=\"gap-y-sm md:gap-y-md flex flex-col\">\n<div class=\"relative font-sans text-base text-foreground selection:bg-super\/50 selection:text-foreground dark:selection:bg-super\/10 dark:selection:text-super\">\n<div class=\"min-w-0 break-words &#091;word-break:break-word&#093;\">\n<div id=\"markdown-content-4\" class=\"gap-y-md after:clear-both after:block after:content-&#091;''&#093;\" dir=\"auto\">\n<div class=\"my-2 first:mt-0 &#091;&amp;:has(&#091;data-inline-type=image&#093;)+&amp;:has(&#091;data-inline-type=image&#093;)_&#091;data-inline-type=image&#093;&#093;:hidden &#091;&amp;:has(table)_&#091;data-inline-type=image&#093;&#093;:hidden\">\n<div class=\"relative\">\n<div class=\"prose dark:prose-invert inline leading-relaxed break-words min-w-0 &#091;word-break:break-word&#093; prose-strong:font-medium &#091;&amp;_&gt;*:first-child&#093;:mt-0\">\n<p class=\"my-2 &#091;&amp;+p&#093;:mt-4 &#091;&amp;_strong:has(+br)&#093;:inline-block &#091;&amp;_strong:has(+br)&#093;:pb-2\">Vous avez des questions ou souhaitez des informations personnalis\u00e9es sur nos services de location de bateaux sur la Costa del Sol\u00a0? Remplissez le formulaire ou utilisez nos coordonn\u00e9es pour que notre \u00e9quipe puisse vous aider \u00e0 organiser une exp\u00e9rience nautique inoubliable \u00e0 Fuengirola et Malaga.<\/p>\n<p class=\"my-2 &#091;&amp;+p&#093;:mt-4 &#091;&amp;_strong:has(+br)&#093;:inline-block &#091;&amp;_strong:has(+br)&#093;:pb-2\"><em>Nous sommes l\u00e0 pour vous conseiller et faire de votre aventure en mer une r\u00e9ussite !<\/em><\/p>\n<\/div>\n<\/div>\n<\/div>\n<\/div>\n<\/div>\n<\/div>\n<div class=\"flex items-center justify-between\">\n<div class=\"-ml-sm gap-xs flex flex-shrink-0 items-center\"><\/div>\n<div class=\"gap-x-xs flex flex-shrink-0 items-center\">\n<div class=\"gap-xs flex items-center border-subtlest ring-subtlest divide-subtlest bg-transparent\"><\/div>\n<div><\/div>\n<\/div>\n<\/div>\n<\/div>\n<\/div>\n<\/div>\n<\/div>\n<\/div>\n<\/div>\n<\/div>\n<\/div>\n<\/div>\n<\/div>\n<\/div>\n<\/div>\n<\/div>\n<p>&nbsp;<\/p>\n<h3>Fuengirola<\/h3>\n<p>Fuengirola Marina, Local 46, 29640 Fuengirola, Malaga.<\/p>\n<p>+34634471250<\/p>\n<div class=\"VoqD8\">\n<div class=\"eYSAde\">yachtprospainsocial@gmail.com<\/div>\n<\/div>\n<p>&nbsp;<\/p>\n<\/div>\n\n\n\n\n<div class=\"wpb_text_column wpb_content_element\" >\n\t\n<div class=\"wpcf7 no-js\" id=\"wpcf7-f7067-o1\" lang=\"es-ES\" dir=\"ltr\" data-wpcf7-id=\"7067\">\n<div class=\"screen-reader-response\"><p role=\"status\" aria-live=\"polite\" aria-atomic=\"true\"><\/p> <ul><\/ul><\/div>\n<form action=\"\/fr\/wp-json\/wp\/v2\/pages\/185#wpcf7-f7067-o1\" method=\"post\" class=\"wpcf7-form init\" aria-label=\"Formulario de contacto\" novalidate=\"novalidate\" data-status=\"init\" data-trp-original-action=\"\/fr\/wp-json\/wp\/v2\/pages\/185#wpcf7-f7067-o1\">\n<fieldset class=\"hidden-fields-container\"><input type=\"hidden\" name=\"_wpcf7\" value=\"7067\" \/><input type=\"hidden\" name=\"_wpcf7_version\" value=\"6.1.5\" \/><input type=\"hidden\" name=\"_wpcf7_locale\" value=\"es_ES\" \/><input type=\"hidden\" name=\"_wpcf7_unit_tag\" value=\"wpcf7-f7067-o1\" \/><input type=\"hidden\" name=\"_wpcf7_container_post\" value=\"0\" \/><input type=\"hidden\" name=\"_wpcf7_posted_data_hash\" value=\"\" \/>\n<\/fieldset>\n<p><label><strong> Nom<\/strong><br \/>\n<span class=\"wpcf7-form-control-wrap\" data-name=\"text-849\"><input size=\"40\" maxlength=\"400\" class=\"wpcf7-form-control wpcf7-text wpcf7-validates-as-required\" aria-required=\"true\" aria-invalid=\"false\" value=\"\" type=\"text\" name=\"text-849\" \/><\/span> <\/label>\n<\/p>\n<p><label><strong> E-mail <\/strong><br \/>\n<span class=\"wpcf7-form-control-wrap\" data-name=\"email-562\"><input size=\"40\" maxlength=\"400\" class=\"wpcf7-form-control wpcf7-email wpcf7-validates-as-required wpcf7-text wpcf7-validates-as-email\" aria-required=\"true\" aria-invalid=\"false\" value=\"\" type=\"email\" name=\"email-562\" \/><\/span> <\/label>\n<\/p>\n<p><label><strong> Affaire<\/strong><br \/>\n<span class=\"wpcf7-form-control-wrap\" data-name=\"text-895\"><input size=\"40\" maxlength=\"400\" class=\"wpcf7-form-control wpcf7-text wpcf7-validates-as-required\" aria-required=\"true\" aria-invalid=\"false\" value=\"\" type=\"text\" name=\"text-895\" \/><\/span> <\/label>\n<\/p>\n<p><label><strong> Message<\/strong><br \/>\n<span class=\"wpcf7-form-control-wrap\" data-name=\"textarea-331\"><textarea cols=\"40\" rows=\"10\" maxlength=\"2000\" class=\"wpcf7-form-control wpcf7-textarea\" aria-invalid=\"false\" name=\"textarea-331\"><\/textarea><\/span> <\/label>\n<\/p>\n<p><input class=\"wpcf7-form-control wpcf7-submit has-spinner\" type=\"submit\" value=\"Envoyer\" \/>\n<\/p><p style=\"display: none !important;\" class=\"akismet-fields-container\" data-prefix=\"_wpcf7_ak_\"><label>\u0394<textarea name=\"_wpcf7_ak_hp_textarea\" cols=\"45\" rows=\"8\" maxlength=\"100\"><\/textarea><\/label><input type=\"hidden\" id=\"ak_js_1\" name=\"_wpcf7_ak_js\" value=\"232\"\/><script>document.getElementById( \"ak_js_1\" ).setAttribute( \"value\", ( new Date() ).getTime() );<\/script><\/p><div class=\"wpcf7-response-output\" aria-hidden=\"true\"><\/div>\n<input type=\"hidden\" name=\"trp-form-language\" value=\"fr\"\/><\/form>\n<\/div>\n\n<\/div>\n\n\n\n\n\t\t\t<\/div> \n\t\t<\/div>\n\t<\/div> \n<\/div><\/div>","protected":false},"excerpt":{"rendered":"ContactoReserva ahora por WhatsApp Contacto. \u00bfTienes alguna pregunta o necesitas informaci\u00f3n personalizada sobre nuestros servicios de alquiler de barcos en la Costa del Sol? Completa el formulario o utiliza los...","protected":false},"author":1,"featured_media":10519,"parent":6619,"menu_order":0,"comment_status":"closed","ping_status":"closed","template":"","meta":{"jetpack_post_was_ever_published":false,"_joinchat":[],"footnotes":""},"class_list":["post-185","page","type-page","status-publish","has-post-thumbnail"],"_hostinger_reach_plugin_has_subscription_block":false,"_hostinger_reach_plugin_is_elementor":false,"jetpack_shortlink":"https:\/\/wp.me\/P9sOOi-2Z","jetpack_sharing_enabled":false,"_links":{"self":[{"href":"https:\/\/yachtprospain.com\/fr\/wp-json\/wp\/v2\/pages\/185","targetHints":{"allow":["GET"]}}],"collection":[{"href":"https:\/\/yachtprospain.com\/fr\/wp-json\/wp\/v2\/pages"}],"about":[{"href":"https:\/\/yachtprospain.com\/fr\/wp-json\/wp\/v2\/types\/page"}],"author":[{"embeddable":true,"href":"https:\/\/yachtprospain.com\/fr\/wp-json\/wp\/v2\/users\/1"}],"replies":[{"embeddable":true,"href":"https:\/\/yachtprospain.com\/fr\/wp-json\/wp\/v2\/comments?post=185"}],"version-history":[{"count":0,"href":"https:\/\/yachtprospain.com\/fr\/wp-json\/wp\/v2\/pages\/185\/revisions"}],"up":[{"embeddable":true,"href":"https:\/\/yachtprospain.com\/fr\/wp-json\/wp\/v2\/pages\/6619"}],"wp:featuredmedia":[{"embeddable":true,"href":"https:\/\/yachtprospain.com\/fr\/wp-json\/wp\/v2\/media\/10519"}],"wp:attachment":[{"href":"https:\/\/yachtprospain.com\/fr\/wp-json\/wp\/v2\/media?parent=185"}],"curies":[{"name":"wp","href":"https:\/\/api.w.org\/{rel}","templated":true}]}}

<div id="fws_69ef7c3c9510c"  data-column-margin="default" data-midnight="light" data-top-percent="16%" data-bottom-percent="16%"  class="wpb_row vc_row-fluid vc_row full-width-section has-row-bg-color"  style="padding-top: calc(100vw * 0.16); padding-bottom: calc(100vw * 0.16); --row-bg-color: #3452ff;"><div class="row-bg-wrap" data-bg-animation="none" data-bg-animation-delay="" data-bg-overlay="true"><div class="inner-wrap row-bg-layer using-image" ><div class="row-bg viewport-desktop using-image using-bg-color"  style="background-image: url(https://yachtprospain.com/wp-content/uploads/2025/10/fondo-del-mar-al-atardecer-contacto-yachtpro-espana-alquiler-de-botes-en-fuengirola.webp); background-position: center center; background-repeat: no-repeat; background-color: #3452ff; "></div></div><div class="row-bg-overlay row-bg-layer" style="background-color:#0c0c0c;  opacity: 0.3; "></div></div><div class="row_col_wrap_12 col span_12 light left">
	<div  class="vc_col-sm-2 wpb_column column_container vc_column_container col no-extra-padding inherit_tablet inherit_phone"  data-padding-pos="all" data-has-bg-color="false" data-bg-color="" data-bg-opacity="1" data-animation="" data-delay="0" >
		<div class="vc_column-inner" >
			<div class="wpb_wrapper">
				
			</div> 
		</div>
	</div> 

	<div  class="vc_col-sm-8 wpb_column column_container vc_column_container col centered-text has-animation no-extra-padding inherit_tablet inherit_phone"  data-padding-pos="all" data-has-bg-color="false" data-bg-color="" data-bg-opacity="1" data-animation="zoom-out" data-delay="0" >
		<div class="vc_column-inner" >
			<div class="wpb_wrapper">
				<h1 style="font-size: 93px;line-height: 98px;text-align: center;font-family:Playfair Display;font-weight:400;font-style:normal" class="vc_custom_heading vc_do_custom_heading vc_custom_1761621583282" >Contact</h1><a class="nectar-button jumbo regular m-extra-color-gradient-1 has-icon"  role="button" style="margin-top: 40px; margin-right: 20px; margin-left: 20px;background-color: #000000;" target="_blank" href="https://wa.me/34634471250" data-color-override="#000000" data-hover-color-override="false" data-hover-text-color-override="#fff"><span>Réservez dès maintenant via WhatsApp</span><i  class="icon-button-arrow"></i></a>
			</div> 
		</div>
	</div> 

	<div  class="vc_col-sm-2 wpb_column column_container vc_column_container col no-extra-padding inherit_tablet inherit_phone"  data-padding-pos="all" data-has-bg-color="false" data-bg-color="" data-bg-opacity="1" data-animation="" data-delay="0" >
		<div class="vc_column-inner" >
			<div class="wpb_wrapper">
				
			</div> 
		</div>
	</div> 
</div></div>
		<div id="fws_69ef7c3c95628"  data-column-margin="default" data-midnight="dark"  class="wpb_row vc_row-fluid vc_row full-width-content has-row-bg-color vc_row-o-equal-height vc_row-flex vc_row-o-content-top"  style="padding-top: 0px; padding-bottom: 0px; --row-bg-color: #ffffff;"><div class="row-bg-wrap" data-bg-animation="none" data-bg-animation-delay="" data-bg-overlay="false"><div class="inner-wrap row-bg-layer" ><div class="row-bg viewport-desktop using-bg-color"  style="background-color: #ffffff; "></div></div></div><div class="row_col_wrap_12 col span_12 dark left">
	<div  class="vc_col-sm-6 wpb_column column_container vc_column_container col no-extra-padding inherit_tablet inherit_phone"  data-padding-pos="all" data-has-bg-color="false" data-bg-color="" data-bg-opacity="1" data-animation="" data-delay="0" >
		<div class="vc_column-inner" >
			<div class="wpb_wrapper">
				
<div class="wpb_text_column wpb_content_element" >
	<div style="position: relative; width: 100%; height: 0; padding-bottom: 56.25%;"><iframe style="position: absolute; top: 0; left: 0; width: 100%; height: 100%; border: 0;" src="https://www.google.com/maps/embed?pb=!1m18!1m12!1m3!1d3205.49172009349!2d-4.621023987357754!3d36.54225507220638!2m3!1f0!2f0!3f0!3m2!1i1024!2i768!4f13.1!3m3!1m2!1s0xd72e31349d6ebc1%3A0xb32b44cb3c95eeca!2sYacht%20Pro%20Spain!5e0!3m2!1ses!2smx!4v1761616941730!5m2!1ses!2smx" allowfullscreen="allowfullscreen"><br />
</iframe></div>
</div>




			</div> 
		</div>
	</div> 

	<div  class="vc_col-sm-6 wpb_column column_container vc_column_container col padding-7-percent inherit_tablet inherit_phone"  data-padding-pos="all" data-has-bg-color="false" data-bg-color="" data-bg-opacity="1" data-animation="" data-delay="0" >
		<div class="vc_column-inner" >
			<div class="wpb_wrapper">
				
<div class="wpb_text_column wpb_content_element" >
	<h2>Contact.</h2>
<div class="mx-auto h-fit pb-0">
<div class="relative border-subtlest ring-subtlest divide-subtlest bg-base">
<div>
<div>
<div>
<div class="erp-sidecar:min-h-&#091;var(--sidecar-content-height)&#093; min-h-&#091;var(--page-content-height)&#093; border-subtlest ring-subtlest divide-subtlest bg-transparent">
<div class="isolate mx-auto px-md">
<div class="py-md mx-auto max-w-threadContentWidth md:pb-headerHeight">
<div class="relative">
<div class="flex flex-col gap-y-sm">
<div class="gap-y-lg flex flex-col first:mt-0 mt-1">
<div class="border-subtlest ring-subtlest divide-subtlest bg-transparent">
<div class="gap-y-sm md:gap-y-md flex flex-col">
<div class="relative font-sans text-base text-foreground selection:bg-super/50 selection:text-foreground dark:selection:bg-super/10 dark:selection:text-super">
<div class="min-w-0 break-words &#091;word-break:break-word&#093;">
<div id="markdown-content-4" class="gap-y-md after:clear-both after:block after:content-&#091;''&#093;" dir="auto">
<div class="my-2 first:mt-0 &#091;&amp;:has(&#091;data-inline-type=image&#093;)+&amp;:has(&#091;data-inline-type=image&#093;)_&#091;data-inline-type=image&#093;&#093;:hidden &#091;&amp;:has(table)_&#091;data-inline-type=image&#093;&#093;:hidden">
<div class="relative">
<div class="prose dark:prose-invert inline leading-relaxed break-words min-w-0 &#091;word-break:break-word&#093; prose-strong:font-medium &#091;&amp;_&gt;*:first-child&#093;:mt-0">
<p class="my-2 &#091;&amp;+p&#093;:mt-4 &#091;&amp;_strong:has(+br)&#093;:inline-block &#091;&amp;_strong:has(+br)&#093;:pb-2">Vous avez des questions ou souhaitez des informations personnalisées sur nos services de location de bateaux sur la Costa del Sol ? Remplissez le formulaire ou utilisez nos coordonnées pour que notre équipe puisse vous aider à organiser une expérience nautique inoubliable à Fuengirola et Malaga.</p>
<p class="my-2 &#091;&amp;+p&#093;:mt-4 &#091;&amp;_strong:has(+br)&#093;:inline-block &#091;&amp;_strong:has(+br)&#093;:pb-2"><em>Nous sommes là pour vous conseiller et faire de votre aventure en mer une réussite !</em></p>
</div>
</div>
</div>
</div>
</div>
</div>
<div class="flex items-center justify-between">
<div class="-ml-sm gap-xs flex flex-shrink-0 items-center"></div>
<div class="gap-x-xs flex flex-shrink-0 items-center">
<div class="gap-xs flex items-center border-subtlest ring-subtlest divide-subtlest bg-transparent"></div>
<div></div>
</div>
</div>
</div>
</div>
</div>
</div>
</div>
</div>
</div>
</div>
</div>
</div>
</div>
</div>
</div>
<p>&nbsp;</p>
<h3>Fuengirola</h3>
<p>Fuengirola Marina, Local 46, 29640 Fuengirola, Malaga.</p>
<p>+34634471250</p>
<div class="VoqD8">
<div class="eYSAde">yachtprospainsocial@gmail.com</div>
</div>
<p>&nbsp;</p>
</div>




<div class="wpb_text_column wpb_content_element" >
	
<div class="wpcf7 no-js" id="wpcf7-f7067-o1" lang="es-ES" dir="ltr" data-wpcf7-id="7067">
<div class="screen-reader-response"><p role="status" aria-live="polite" aria-atomic="true"></p> <ul></ul></div>
<form action="/fr/wp-json/wp/v2/pages/185#wpcf7-f7067-o1" method="post" class="wpcf7-form init" aria-label="Formulario de contacto" novalidate="novalidate" data-status="init" data-trp-original-action="/fr/wp-json/wp/v2/pages/185#wpcf7-f7067-o1">
<fieldset class="hidden-fields-container"><input type="hidden" name="_wpcf7" value="7067" /><input type="hidden" name="_wpcf7_version" value="6.1.5" /><input type="hidden" name="_wpcf7_locale" value="es_ES" /><input type="hidden" name="_wpcf7_unit_tag" value="wpcf7-f7067-o1" /><input type="hidden" name="_wpcf7_container_post" value="0" /><input type="hidden" name="_wpcf7_posted_data_hash" value="" />
</fieldset>
<p><label><strong> Nom</strong><br />
<span class="wpcf7-form-control-wrap" data-name="text-849"><input size="40" maxlength="400" class="wpcf7-form-control wpcf7-text wpcf7-validates-as-required" aria-required="true" aria-invalid="false" value="" type="text" name="text-849" /></span> </label>
</p>
<p><label><strong> E-mail </strong><br />
<span class="wpcf7-form-control-wrap" data-name="email-562"><input size="40" maxlength="400" class="wpcf7-form-control wpcf7-email wpcf7-validates-as-required wpcf7-text wpcf7-validates-as-email" aria-required="true" aria-invalid="false" value="" type="email" name="email-562" /></span> </label>
</p>
<p><label><strong> Affaire</strong><br />
<span class="wpcf7-form-control-wrap" data-name="text-895"><input size="40" maxlength="400" class="wpcf7-form-control wpcf7-text wpcf7-validates-as-required" aria-required="true" aria-invalid="false" value="" type="text" name="text-895" /></span> </label>
</p>
<p><label><strong> Message</strong><br />
<span class="wpcf7-form-control-wrap" data-name="textarea-331"><textarea cols="40" rows="10" maxlength="2000" class="wpcf7-form-control wpcf7-textarea" aria-invalid="false" name="textarea-331"></textarea></span> </label>
</p>
<p><input class="wpcf7-form-control wpcf7-submit has-spinner" type="submit" value="Envoyer" />
</p><p style="display: none !important;" class="akismet-fields-container" data-prefix="_wpcf7_ak_"><label>Δ<textarea name="_wpcf7_ak_hp_textarea" cols="45" rows="8" maxlength="100"></textarea></label><input type="hidden" id="ak_js_1" name="_wpcf7_ak_js" value="232"/><script>document.getElementById( "ak_js_1" ).setAttribute( "value", ( new Date() ).getTime() );</script></p><div class="wpcf7-response-output" aria-hidden="true"></div>
<input type="hidden" name="trp-form-language" value="fr"/></form>
</div>

</div>




			</div> 
		</div>
	</div> 
</div></div>

ContactoReserva ahora por WhatsApp Contacto. ¿Tienes alguna pregunta o necesitas información personalizada sobre nuestros servicios de alquiler de barcos en la Costa del Sol? Completa el formulario o utiliza los...
